) = -z - z + 16*z**2 + 1 + z**3 - 15*z**v. Suppose 0 = 5*p - 3*n + 5*n - 1, -4*p - 4*n - 4 = 0. Calculate k(p).
1
Let v(t) be the second derivative of -1/2*t**3 - 10*t + 0 + 3/2*t**2. Calculate v(3).
-6
Suppose 2*k - 48 = -k. Suppose 5*g = 4*x - k, 3*x + x = g. Let h(m) be the second derivative of -m**5/20 - m**4/4 - m**3/6 - m. Calculate h(x).
-1
Let v(d) = d + 2*d - 6*d - 1. Suppose 0 + 11 = -g. Let b be ((-1)/(-3))/(g/(-33)). Calculate v(b).
-4
Let l(x) be the first derivative of -8*x**3/3 + x**2/2 - 43. What is l(1)?
-7
Suppose 2*z - 4*z + k = -7, 4*z + 5*k = -7. Let l(c) = c**3 + 2*c**2 - 2*c - 1. What is l(z)?
11
Let t(m) be the third derivative of m**4/12 + m**3/6 + 3*m**2. Let r(s) = -s. Let y(n) = -3*r(n) + t(n). What is y(-1)?
-4
Let l(j) = j + 2. Let u be l(3). Suppose -u*g - 6 = -1. Let o(n) = 5*n**3 - n. Determine o(g).
-4
Let u = 14 - 9. Let j(a) = a**3 - 5*a**2 + 4. Let p be j(u). Let b(y) = y - 2*y**3 - 3*y + 4*y**2 + y**3. Calculate b(p).
-8
Let w(t) = 2*t + 5. Let o(n) = -2*n - 4. Let f(b) = 4*o(b) + 3*w(b). What is f(3)?
-7
Let u be (-2)/(((-1)/(-2))/(-1)). Let r be 0 + (1 - 2) + u. Let j(o) = 3*o**2 - 5*o + 3. Let v(p) = -2*p**2 + 4*p - 3. Let g(n) = 3*j(n) + 4*v(n). Give g(r).
9
Let x(s) = -s**2 - s. Let y = 6 - 8. Let u = y - -1. Calculate x(u).
0
Let c(o) = 2*o**3 + 20*o**2 + 18*o - 10. Let v(x) = -x**3 - 10*x**2 - 9*x + 5. Let w(s) = 3*c(s) + 5*v(s). Give w(-9).
-5
Let d(j) = -28 + 9 - 2*j + 14. Determine d(-4).
3
Let q(u) = -u**3 - 3*u**2 - 3*u - 3. Let i be q(-2). Let t(z) = -72*z + 1 + 39*z + 35*z + 3*z**3 + 8*z**3. Determine t(i).
-12
Let z(n) be the second derivative of -5*n**3/6 + 23*n. Give z(-2).
10
Let c(u) = -u**2 - 3*u + 2. Let f = 1 + 2. Let p be 5/(-3 + f + -1). What is c(p)?
-8
Let s = -79 - -75. Let y(g) = g**3 - 3 + g + 4*g**2 + 1 + 0*g**3. Give y(s).
-6
Let d(p) = -p**3 + 4*p**2 + 12*p + 2. Let o be d(6). Let c(a) = -a**2 - 4*a + 3. Calculate c(o).
-9
Suppose 0 = 2*f + 2 + 4. Let m = -8 - f. Let l(k) = -k - 4. Calculate l(m).
1
Suppose 8 = -a + 3*a. Let w(l) = 14*l**3 - 23*l**2 + 3*l - 20. Let h(n) = -5*n**3 + 8*n**2 - n + 7. Let d(i) = -11*h(i) - 4*w(i). Calculate d(a).
-1
Let n = -6 - -8. Let b(u) = 2*u - 3*u**2 - u**2 + 5 - 1 + 3*u**n. Give b(4).
-4
Let v(h) = 3*h**2 + h**2 - 5*h**2 + 4*h**3 - 2*h - 1 - 6*h**3. Give v(-1).
2
Let b(x) = 4*x + 20. Let t be b(-3). Let v(p) = -2*p + 7. Calculate v(t).
-9
Let r(a) = -4 + 2*a - 1 + 2 - 1. Let d be r(3). Let q(k) = -2*k**3 + k**2 + 4*k - 3. Calculate q(d).
-7
Let q(i) be the first derivative of i**3/3 - 3*i**2 - i - 10. Calculate q(6).
-1
Let s = -6 + 8. Let f be (-6)/(4/s - 3). Suppose p - 3*p - f = 0. Let i(c) = 2*c**2 + 5*c + 3. What is i(p)?
6
Let j(d) = -4 - 2 - 17*d + 18*d. Determine j(6).
0
Let m(x) be the third derivative of -1/24*x**4 + 5*x**2 + 0 - 2/3*x**3 + 0*x. Determine m(3).
-7
Let m(c) be the first derivative of 1/4*c**4 + 2*c**2 - 2*c + 5/3*c**3 - 1. Determine m(-4).
-2
Let f(q) be the third derivative of q**5/60 + q**4/12 - 2*q**3/3 - 6*q**2. What is f(3)?
11
Let p = -10 + 1. Let s be (p/(-6))/((-3)/(-8)). Suppose 0 = s*q - 3*q. Let t(n) = -n**3 + 4. Determine t(q).
4
Suppose 0 = -19*q + 59 - 173. Let l(x) = -2*x**2 - 6*x - 2 + x**2 + 1. Give l(q).
-1
Suppose 2*i + 2*l = -2, 0 - 5 = -3*i + 5*l. Let n(d) be the third derivative of -1/6*d**3 - 2*d**2 + 0*d + i - 1/24*d**4. What is n(4)?
-5
Let r(k) = 2*k**2 + 3*k - 2*k - 3 + 1. Suppose 119 = 5*g + 9. Suppose 3*j - 10 = -3*o + 2*j, 3*o - g = -4*j. What is r(o)?
8
Let c = 11 + -8. Suppose -c*n = 2*n - 100. Suppose 3*p - n = 7*p. Let s(v) = v**3 + 5*v**2 - v - 5. Calculate s(p).
0
Let v(d) = d**2 - 8*d + 9. Let r(l) = 2*l**2 - 17*l + 19. Let x(s) = 4*r(s) - 9*v(s). Suppose -4 = 5*y - z + 1, 5*y + 3*z = 15. Let n = 5 - y. Calculate x(n).
-10
Let w(c) = 9*c**2 - c - 1. Suppose 2*l - 9 + 11 = 0. Give w(l).
9
Let s(c) = c**3 - c**2 + 7. Let d = 3 + -6. Let b be 0/(0 - d/3). Let z be (b + 0)*-1 - 0. Give s(z).
7
Let n(c) be the third derivative of -c**7/1260 - c**6/720 + c**5/120 + c**4/6 - c**2. Let d(l) be the second derivative of n(l). Give d(-2).
-5
Let p be (30/(-5) + 5)/((-2)/(-6)). Let t(m) = m**2 + 3*m + 4. What is t(p)?
4
Let f(u) = -u - 15. Let r be f(-19). Let d(v) be the second derivative of 0 + v**2 + 3*v - 1/12*v**r + 1/2*v**3. Determine d(3).
2
Let q(h) = 5*h + 13*h + 5 - 17*h. Determine q(-4).
1
Let r(u) = -u**3 + 4*u**2 + 4*u + 7. Suppose 84*o = 88*o - 20. Calculate r(o).
2
Let m(b) be the first derivative of -b**3/3 - 3*b**2 + 2*b + 6. Determine m(-5).
7
Let c = 11 + -7. Let b(o) = o**3 - 4*o**2 - 4*o + 6. Determine b(c).
-10
Let v = 17 + -11. Let t(z) = -z + 7. Determine t(v).
1
Let l(g) = 5*g**2 - 8*g + g**2 + 2 - 3*g**2 - 2*g**2. Calculate l(7).
-5
Suppose -3*d = 4*s + 7, -1 = 3*d + 14. Let p(x) = -x**3 - x. Let g(y) = -5*y**3 - 3*y**2 - 4*y + 2. Let f(c) = -g(c) + 6*p(c). What is f(s)?
-2
Let v(o) = 2*o + 2*o**2 + 3 + 2*o**3 + 2 - 3. Let m be (-4)/(-2)*(2 + -3). Give v(m).
-10
Let w(g) be the third derivative of -g**5/60 - 5*g**4/24 + g**3/2 - 2*g**2. Let o be w(-5). Let t(k) = k - o - 1 + 0. What is t(4)?
0
Suppose -3*t + 3 + 0 = 3*y, 3*y + 2*t - 5 = 0. Suppose -2*g - 6*l + l = 15, -y*l = -g - 2. Let q(z) = -z**3 - 5*z**2 + z + 6. Determine q(g).
1
Let h(l) = -l**2 - l - 1. Let s(f) = 3*f**2 + 7*f + 4. Let p(w) = -5*h(w) - s(w). Give p(2).
5
Let x(a) = -a + 3. Suppose i + 3*i = -2*d + 2, 5*i = 4*d + 48. Let p be 0 - (1 - 0) - d. Let v be x(p). Let o(j) = -j + 2. Give o(v).
5
Let k(g) be the third derivative of -g**5/6 - g**4/24 - g**3/6 + 22*g**2. Give k(-1).
-10
Suppose 0*u = -3*u - 2*w + 18, 5*u + 4*w = 32. Let l(v) = -v**3 + 6*v**2 - 3*v. Determine l(u).
20
Let y(l) = -l**2 + 7. Let d be (1 + 1 - -2) + -1. Suppose d*q = q. Give y(q).
7
Let x(z) = 4*z**3 - 11*z**2 + 6*z + 1. Let m(v) = 5*v**3 - 12*v**2 + 7*v + 1. Let g(n) = -5*m(n) + 6*x(n). Calculate g(-6).
-5
Let r(m) = -m**2 + 8*m - 5. Suppose 3*o + 12 = w + o, -o - 4 = 0. Give r(w).
11
Suppose b - 9 = 4*b. Let w be 12/(-9)*1*b. Let x(g) = g**3 - 5*g**2 + 4*g - 5. Give x(w).
-5
Let p(h) be the third derivative of -1/2*h**3 - 1/60*h**5 + 1/120*h**6 - h**2 + 0*h + 0 + 1/8*h**4. Calculate p(2).
7
Let y(s) be the second derivative of 7*s**3/6 - s**2/2 - 7*s. Let j be y(1). Let a(x) = -x. Determine a(j).
-6
Let c = -6 + 12. Suppose -h = -0*h - c. Let y(u) = -7 + 3*u - 4*u + u**2 - 5*u. Give y(h).
-7
Let a(b) = -5*b - 3. Let d(l) be the third derivative of l**4/12 - l**3/6 - l**2. Let r be d(1). Let z be -1 - (-1 - (-3 + r)). Give a(z).
7
Let n(y) = -3*y - 1. Let x = -22 - -26. What is n(x)?
-13
Let m(d) = d**2 - 4*d - 2. Let b be m(4). Let n(h) = -2. Let l(v) = -v + 7. Let q(z) = -6*l(z) - 21*n(z). Give q(b).
-12
Let h(s) be the second derivative of -s**4/6 + s**3/6 - s**2/2 - 3*s. Let f(d) = 3*d + 28. Let w be f(-9). Determine h(w).
-2
Let i be 6 + (-2)/12*31. Let h(s) be the second derivative of -3*s + 0 + 1/12*s**4 - 7/2*s**2 + i*s**3. What is h(-5)?
-7
Suppose 4*r = -4*w + 4, -w + 0 = 2*r - 2. Let c(b) be the second derivative of -3*b + 0 - 1/2*b**2 - 1/20*b**5 + 1/6*b**3 + 0*b**4. Determine c(r).
-1
Let o(t) = t**3 - 2*t + 4 - 5*t**2 - 3 + 6. Suppose 4*q + 4*p - 9 = 7, 5*p + 5 = 0. What is o(q)?
-3
Let z(u) be the third derivative of 0 + 0*u - 4/3*u**3 + 0*u**4 + 3*u**2 - 1/60*u**5. Give z(0).
-8
Let u(k) = -6*k**2 - 9*k + 9. Let q(x) = 3*x**2 + 5*x - 5. Let b(a) = -11*q(a) - 6*u(a). What is b(1)?
3
Let s(x) = 5 - 2*x - 4 + x. Let j = 2 - 3. Give s(j).
2
Let x = -12 - -17. Let d(z) = 2*z**3 + z + 1. Let r(h) = -11*h**3 + 4*h**2 + 2*h - 4. Let p(g) = -5*d(g) - r(g). Give p(x).
-11
Let a(c) = -c**2 + c. Let z(y) = y - 3. Let d be z(4). Let i be a(d). Let o(k) = -k**2 + 7. Determine o(i).
7
Suppose -12 = 5*n - 7*n. Let k(d) = -d**2 - 4 + 6*d + n + 1. Give k(4).
11
Let r(z) = z**2 - 6*z - 8. Suppose 16 = 2*k - 2*f, k - 7 = 3*f + 3. Determine r(k).
-1
Suppose 4*f = 10 - 38. Let x be 2/2 + f + 2. Let h(z) = -2*z**2 + 6*z + z**2 + 2*z**2 + 2. Give h(x).
-6
Let u(b) = -b + 2. Let x be 2/(-4)*(1 + -11). Let y(g) = -g**3 + 4*g**2 + 6*g - 3. Let p be y(x). Give u(p).
0
Let q(s) = -4 + 3 - 2*s**2 + 3*s**2 + 0. What is q(0)?
-1
Let p(r) = 2*r + 1. Let f(y) = -y. Let v(k) = 3*f(k) + 2*p(k). Suppose 0 = s + s - 6. Suppose -i = -s*i